n 1319 is divided by 44.
43
Calculate the remainder when 175 is divided by 15.
10
What is the remainder when 261 is divided by 138?
123
Calculate the remainder when 1049 is divided by 17.
12
Calculate the remainder when 132 is divided by 83.
49
What is the remainder when 157 is divided by 16?
13
Calculate the remainder when 117 is divided by 12.
9
What is the remainder when 1317 is divided by 66?
63
What is the remainder when 535 is divided by 171?
22
What is the remainder when 3477 is divided by 174?
171
What is the remainder when 161 is divided by 12?
5
Calculate the remainder when 54 is divided by 52.
2
Calculate the remainder when 4116 is divided by 199.
136
What is the remainder when 440 is divided by 37?
33
Calculate the remainder when 589 is divided by 16.
13
What is the remainder when 3575 is divided by 49?
47
Calculate the remainder when 383 is divided by 67.
48
What is the remainder when 3781 is divided by 61?
60
What is the remainder when 526 is divided by 53?
49
What is the remainder when 210 is divided by 107?
103
Calculate the remainder when 247 is divided by 14.
9
Calculate the remainder when 13998 is divided by 80.
78
Calculate the remainder when 1963 is divided by 137.
45
Calculate the remainder when 177 is divided by 29.
3
Calculate the remainder when 835 is divided by 59.
9
What is the remainder when 181 is divided by 49?
34
What is the remainder when 4227 is divided by 8?
3
Calculate the remainder when 161 is divided by 90.
71
What is the remainder when 10876 is divided by 279?
274
Calculate the remainder when 327 is divided by 65.
2
What is the remainder when 106 is divided by 48?
10
What is the remainder when 2068 is divided by 6?
4
Calculate the remainder when 57 is divided by 30.
27
What is the remainder when 255 is divided by 35?
10
What is the remainder when 2216 is divided by 85?
6
What is the remainder when 739 is divided by 161?
95
What is the remainder when 167 is divided by 59?
49
What is the remainder when 1358 is divided by 229?
213
Calculate the remainder when 342 is divided by 58.
52
What is the remainder when 382 is divided by 103?
73
Calculate the remainder when 99 is divided by 16.
3
What is the remainder when 27707 is divided by 12?
11
Calculate the remainder when 222 is divided by 52.
14
What is the remainder when 1252 is divided by 2?
0
Calculate the remainder when 291 is divided by 33.
27
Calculate the remainder when 346 is divided by 50.
46
Calculate the remainder when 1115 is divided by 25.
15
Calculate the remainder when 288 is divided by 58.
56
Calculate the remainder when 224 is divided by 79.
66
Calculate the remainder when 77 is divided by 41.
36
What is the remainder when 189 is divided by 60?
9
What is the remainder when 602 is divided by 293?
16
What is the remainder when 178 is divided by 47?
37
What is the remainder when 675 is divided by 164?
19
Calculate the remainder when 611 is divided by 79.
58
What is the remainder when 882 is divided by 73?
6
Calculate the remainder when 53 is divided by 23.
7
Calculate the remainder when 339 is divided by 19.
16
What is the remainder when 251 is divided by 244?
7
Calculate the remainder when 37 is divided by 21.
16
What is the remainder when 122 is divided by 32?
26
What is the remainder when 6 is divided by 4?
2
What is the remainder when 1509 is divided by 10?
9
Calculate the remainder when 39 is divided by 8.
7
Calculate the remainder when 1277 is divided by 594.
89
Calculate the remainder when 2558 is divided by 197.
194
Calculate the remainder when 1163 is divided by 32.
11
Calculate the remainder when 246 is divided by 14.
8
Calculate the remainder when 9277 is divided by 2317.
9
Calculate the remainder when 395 is divided by 29.
18
Calculate the remainder when 1526 is divided by 55.
41
Calculate the remainder when 1351 is divided by 241.
146
What is the remainder when 73 is divided by 8?
1
Calculate the remainder when 161 is divided by 63.
35
Calculate the remainder when 303 is divided by 126.
51
What is the remainder when 20 is divided by 3?
2
Calculate the remainder when 552 is divided by 62.
56
Calculate the remainder when 815 is divided by 12.
11
Calculate the remainder when 238 is divided by 30.
28
What is the remainder when 56 is divided by 23?
10
What is the remainder when 200 is divided by 23?
16
What is the remainder when 148 is divided by 144?
4
What is the remainder when 117 is divided by 48?
21
Calculate the remainder when 169 is divided by 132.
37
Calculate the remainder when 523 is divided by 74.
5
Calculate the remainder when 2367 is divided by 74.
73
What is the remainder when 185 is divided by 182?
3
Calculate the remainder when 21 is divided by 11.
10
What is the remainder when 265 is divided by 75?
40
What is the remainder when 538 is divided by 54?
52
What is the remainder when 1487 is divided by 79?
65
Calculate the remainder when 461 is divided by 21.
20
What is the remainder when 2195 is divided by 438?
5
Calculate the remainder when 341 is divided by 102.
35
What is the remainder when 52566 is divided by 35?
31
What is the remainder when 32 is divided by 15?
2
Calculate the remainder when 9780 is divided by 74.
12
What is the remainder when 145 is divided by 19?
12
What is the remainder when 715 is divided by 90?
85
Calculate the remainder when 173 is divided by 118.
55
Calculate the remainder when 274 is divided by 48.
34
What is the remainder when 793 is divided by 385?
23
Calculate the remainder when 375 is divided by 364.
11
What is the remainder when 681 is divided by 108?
33
Calculate the remainder when 74 is divided by 31.
12
Calculate the remainder when 64 is divided by 35.
29
What is the remainder when 91 is divided by 23?
22
Calculate the remainder when 86 is divided by 28.
2
What is the remainder when 282 is divided by 104?
74
What is the remainder when 3643 is divided by 16?
11
Calculate the remainder when 51 is divided by 21.
9
Calculate the remainder when 1150 is divided by 381.
7
What is the remainder when 3214 is divided by 7?
1
Calculate the remainder when 1958 is divided by 975.
8
What is the remainder when 1138 is divided by 90?
58
What is the remainder when 483 is divided by 81?
78
What is the remainder when 43 is divided by 30?
13
What is the remainder when 52 is divided by 36?
16
What is the remainder when 123 is divided by 4?
3
Calculate the remainder when 551 is divided by 12.
11
Calculate the remainder when 103 is divided by 64.
39
Calculate the remainder when 56 is divided by 45.
11
What is the remainder when 192 is divided by 54?
30
What is the remainder when 461 is divided by 225?
11
What is the remainder when 175 is divided by 91?
84
What is the remainder when 3668 is divided by 1221?
5
Calculate the remainder when 460 is divided by 52.
44
Calculate the remainder when 417 is divided by 60.
57
Calculate the remainder when 258 is divided by 33.
27
What is the remainder when 1475 is divided by 491?
2
What is the remainder when 126 is divided by 2?
0
What is the remainder when 157 is divided by 22?
3
What is the remainder when 799 is divided by 262?
13
What is the remainder when 384 is divided by 55?
54
What is the remainder when 1454 is divided by 300?
254
What is the remainder when 243 is divided by 116?
11
Calculate the remainder when 375 is divided by 184.
7
Calculate the remainder when 314 is divided by 63.
62
What is the remainder when 37 is divided by 14?
9
Calculate the remainder when 3990 is divided by 235.
230
Calculate the remainder when 292 is divided by 78.
58
What is the remainder when 81 is divided by 21?
18
Calculate the remainder when 4795 is divided by 123.
121
What is the remainder when 1591 is divided by 88?
7
What is the remainder when 111 is divided by 49?
13
Calculate the remainder when 266 is divided by 61.
22
Calculate the remainder when 403 is divided by 58.
55
What is the remainder when 1885 is divided by 46?
45
What is the remainder when 1815 is divided by 52?
47
Calculate the remainder when 178 is divided by 26.
22
What is the remainder when 1231 is divided by 16?
15
Calculate the remainder when 893 is divided by 28.
25
Calculate the remainder when 636 is divided by 349.
287
Calculate the remainder when 1189 is divided by 1178.
11
What is the remainder when 856